{"id":1467,"date":"2025-10-21T19:06:42","date_gmt":"2025-10-21T19:06:42","guid":{"rendered":"https:\/\/2024-2027.charcas-slp.gob.mx\/?page_id=1467"},"modified":"2025-10-21T20:49:32","modified_gmt":"2025-10-21T20:49:32","slug":"informacion-financiera-3er-trimestre-2025","status":"publish","type":"page","link":"https:\/\/2024-2027.charcas-slp.gob.mx\/?page_id=1467","title":{"rendered":"INFORMACI\u00d3N FINANCIERA 3ER TRIMESTRE 2025"},"content":{"rendered":"\n<p><strong><a href=\"https:\/\/2024-2027.charcas-slp.gob.mx\/wp-content\/uploads\/2025\/10\/Endeudamiento_neto_3092025.xls\">ENDEUDAMIENTO NETO<\/a><\/strong><\/p>\n\n\n\n<p><strong><a href=\"https:\/\/2024-2027.charcas-slp.gob.mx\/wp-content\/uploads\/2025\/10\/Egresos_por_clasificacion_por_objeto_del_gasto_3092025.xls\">EGRESOS POR CLASIFICACI\u00d3N POR OBJETO DEL GASTO<\/a><\/strong><\/p>\n\n\n\n<p><strong><a href=\"https:\/\/2024-2027.charcas-slp.gob.mx\/wp-content\/uploads\/2025\/10\/Egresos_por_clasificacion_funcional_3092025.xls\">EGRESOS POR CLASIFICACI\u00d3N FUNCIONAL<\/a><\/strong> <\/p>\n\n\n\n<p><strong><a href=\"https:\/\/2024-2027.charcas-slp.gob.mx\/wp-content\/uploads\/2025\/10\/Egresos_por_clasificacion_economica_por_tipo_de_gasto_3092025.xls\">EGRESOS POR CLASIFICACI\u00d3N ECONOMICA POR TIPO DE GASTO<\/a><\/strong><\/p>\n\n\n\n<p><strong><a href=\"https:\/\/2024-2027.charcas-slp.gob.mx\/wp-content\/uploads\/2025\/10\/Egresos_por_clasificacion_administrativa_3092025.xls\">EGRESOS POR CLASIFICACI\u00d3N ADMINISTRATIVA <\/a><\/strong><\/p>\n\n\n\n<p><strong><a href=\"https:\/\/2024-2027.charcas-slp.gob.mx\/wp-content\/uploads\/2025\/10\/ConciliacionPresupuestal-INGRESO.pdf\"> CONCILIACI\u00d3N PRESUPUESTAL INGRESO<\/a><\/strong><\/p>\n\n\n\n<p><strong><a href=\"https:\/\/2024-2027.charcas-slp.gob.mx\/wp-content\/uploads\/2025\/10\/Egresos_por_clasificacion_administrativa_Paraestatal_3092025.xls\">EGRESOS POR CLASIFICACI\u00d3N ADMINISTRATIVA PARAESTATAL <\/a><\/strong><\/p>\n\n\n\n<p><strong><a href=\"https:\/\/2024-2027.charcas-slp.gob.mx\/wp-content\/uploads\/2025\/10\/Egresos_por_clasificacion_administrativa_Gobierno_3092025.xls\">EGRESOS POR CLASIFICACI\u00d3N ADMINISTRATIVA GOBIERNO <\/a><\/strong><\/p>\n\n\n\n<p><strong><a href=\"https:\/\/2024-2027.charcas-slp.gob.mx\/wp-content\/uploads\/2025\/10\/Conciliacion_Presupuestal_Egresos_3092025.xls\">CONCILIACI\u00d3N PRESUPUESTAL EGRESOS <\/a><\/strong><\/p>\n\n\n\n<p><strong><a href=\"https:\/\/2024-2027.charcas-slp.gob.mx\/wp-content\/uploads\/2025\/10\/Estado_analitico_de_ingresos_2019_3092025.xls\">ESTADO ANALITICO DE INGRESOS <\/a><\/strong><\/p>\n\n\n\n<p><strong><a href=\"https:\/\/2024-2027.charcas-slp.gob.mx\/wp-content\/uploads\/2025\/10\/Estado_analitico_de_la_deuda_y_otros_pasivos_3092025.xls\">ESTADO ANALITICO DE LA DEUDA Y OTROS PASIVOS<\/a><\/strong><\/p>\n\n\n\n<p><strong><a href=\"https:\/\/2024-2027.charcas-slp.gob.mx\/wp-content\/uploads\/2025\/10\/Estado_analitico_del_activo_3092025.xls\">ESTADO ANALITICO DEL ACTIVO<\/a><\/strong><\/p>\n\n\n\n<p><strong><a href=\"https:\/\/2024-2027.charcas-slp.gob.mx\/wp-content\/uploads\/2025\/10\/Estado_de_actividades_3092025.xls\">ESTADO DE ACTIVIDADES<\/a><\/strong><\/p>\n\n\n\n<p><strong><a href=\"https:\/\/2024-2027.charcas-slp.gob.mx\/wp-content\/uploads\/2025\/10\/Estado_de_cambios_en_la_situacion_financiera_3092025.xls\">ESTADO DE CAMBIOS EN LA SITUACI\u00d3N FINANCIERA<\/a><\/strong> <\/p>\n\n\n\n<p><strong><a href=\"https:\/\/2024-2027.charcas-slp.gob.mx\/wp-content\/uploads\/2025\/10\/Estado_de_flujos_de_efectivo_3092025.xls\">ESTADO DE FLUJOS DE EFECTIVO <\/a><\/strong><\/p>\n\n\n\n<p><strong><a href=\"https:\/\/2024-2027.charcas-slp.gob.mx\/wp-content\/uploads\/2025\/10\/Estado_de_situacion_financiera_3092025.xls\">ESTADO DE SITUACI\u00d3N FINANCIERA <\/a><\/strong><\/p>\n\n\n\n<p><strong><a href=\"https:\/\/2024-2027.charcas-slp.gob.mx\/wp-content\/uploads\/2025\/10\/Estado_de_variacion_en_la_hacienda_publica_3092025.xls\">ESTADO DE VARIACI\u00d3N EN LA HACIENDA PUBLICA <\/a><\/strong><\/p>\n\n\n\n<p><strong><a href=\"https:\/\/2024-2027.charcas-slp.gob.mx\/wp-content\/uploads\/2025\/10\/Gasto_por_categoria_programatica_3092025.xls\">GASTO POR CATEGORIA PROGRAMATICA <\/a><\/strong><\/p>\n\n\n\n<p><strong><a href=\"https:\/\/2024-2027.charcas-slp.gob.mx\/wp-content\/uploads\/2025\/10\/Indicadores_de_postura_fiscal_3092025.xls\">INDICADORES DE POSTURA FISCAL <\/a><\/strong><\/p>\n\n\n\n<p><strong><a href=\"https:\/\/2024-2027.charcas-slp.gob.mx\/wp-content\/uploads\/2025\/10\/Intereses_de_la_deuda_3092025.xls\">INTERESES DE LA DEUDA <\/a><\/strong><\/p>\n\n\n\n<p><strong><a href=\"https:\/\/2024-2027.charcas-slp.gob.mx\/wp-content\/uploads\/2025\/10\/Notas_Estados_Financieros_3092025.pdf\">NOTAS ESTADOS FINANCIEROS<\/a><\/strong> <\/p>\n\n\n\n<p><strong><a href=\"https:\/\/2024-2027.charcas-slp.gob.mx\/wp-content\/uploads\/2025\/10\/Notas_Estados_Financieros_3092025.xlsx\">NOTAS ESTADOS FINANCIEROS EXEL<\/a><\/strong><\/p>\n\n\n\n<p><strong><a href=\"https:\/\/2024-2027.charcas-slp.gob.mx\/wp-content\/uploads\/2025\/10\/PasivosContingentes.pdf\">PASIVOS CONTINGENTES <\/a><\/strong><\/p>\n\n\n\n<p><strong><a href=\"https:\/\/2024-2027.charcas-slp.gob.mx\/wp-content\/uploads\/2025\/10\/rptAnaliticoPresupuestoEgresos-CABILDO.pdf\">rpt Anal\u00edtico Presupuesto Egresos CABILDO<\/a><\/strong><\/p>\n\n\n\n<p><strong><a href=\"https:\/\/2024-2027.charcas-slp.gob.mx\/wp-content\/uploads\/2025\/10\/rptAnaliticoPresupuestoIngresos-CABILDO.pdf\">rpt Anal\u00edtico Presupuesto Ingresos CABILDO<\/a><\/strong><\/p>\n\n\n\n<p><strong><a href=\"https:\/\/2024-2027.charcas-slp.gob.mx\/wp-content\/uploads\/2025\/10\/rptBalanzaComprobacion.pdf\">rpt Balanza Comprobaci\u00f3n<\/a><\/strong><\/p>\n\n\n\n<p><strong><a href=\"https:\/\/2024-2027.charcas-slp.gob.mx\/wp-content\/uploads\/2025\/10\/rptLibroMayor.pdf\">rpt Libro Mayor<\/a><\/strong><\/p>\n\n\n\n<p><strong><a href=\"https:\/\/docs.google.com\/spreadsheets\/d\/1-PUBSqfx4POk6tL6UZeJFGQcU70oYMZN\/edit?usp=sharing&amp;ouid=101115913242128664023&amp;rtpof=true&amp;sd=true\">rpt Anal\u00edtico Presupuesto Egresos CABILDO.xls<\/a><\/strong><\/p>\n\n\n\n<p><strong><a href=\"https:\/\/docs.google.com\/spreadsheets\/d\/1LCN19V1vQ28Z2B3WSs-3dPQvNSl2-dcr\/edit?usp=sharing&amp;ouid=101115913242128664023&amp;rtpof=true&amp;sd=true\">rpt Analitico Presupuesto Ingresos CABILDO.xls<\/a><\/strong><\/p>\n\n\n\n<p><\/p>\n","protected":false},"excerpt":{"rendered":"<p>ENDEUDAMIENTO NETO EGRESOS POR CLASIFICACI\u00d3N POR OBJETO DEL GASTO EGRESOS POR CLASIFICACI\u00d3N FUNCIONAL EGRESOS POR CLASIFICACI\u00d3N ECONOMICA POR TIPO DE GASTO EGRESOS POR CLASIFICACI\u00d3N ADMINISTRATIVA CONCILIACI\u00d3N PRESUPUESTAL INGRESO EGRESOS POR CLASIFICACI\u00d3N ADMINISTRATIVA PARAESTATAL EGRESOS POR CLASIFICACI\u00d3N ADMINISTRATIVA GOBIERNO CONCILIACI\u00d3N PRESUPUESTAL EGRESOS ESTADO ANALITICO DE INGRESOS ESTADO ANALITICO DE LA DEUDA Y OTROS PASIVOS ESTADO ANALITICO [&hellip;]<\/p>\n","protected":false},"author":2,"featured_media":0,"parent":0,"menu_order":0,"comment_status":"closed","ping_status":"closed","template":"","meta":{"footnotes":""},"class_list":["post-1467","page","type-page","status-publish","hentry"],"_links":{"self":[{"href":"https:\/\/2024-2027.charcas-slp.gob.mx\/index.php?rest_route=\/wp\/v2\/pages\/1467","targetHints":{"allow":["GET"]}}],"collection":[{"href":"https:\/\/2024-2027.charcas-slp.gob.mx\/index.php?rest_route=\/wp\/v2\/pages"}],"about":[{"href":"https:\/\/2024-2027.charcas-slp.gob.mx\/index.php?rest_route=\/wp\/v2\/types\/page"}],"author":[{"embeddable":true,"href":"https:\/\/2024-2027.charcas-slp.gob.mx\/index.php?rest_route=\/wp\/v2\/users\/2"}],"replies":[{"embeddable":true,"href":"https:\/\/2024-2027.charcas-slp.gob.mx\/index.php?rest_route=%2Fwp%2Fv2%2Fcomments&post=1467"}],"version-history":[{"count":6,"href":"https:\/\/2024-2027.charcas-slp.gob.mx\/index.php?rest_route=\/wp\/v2\/pages\/1467\/revisions"}],"predecessor-version":[{"id":1506,"href":"https:\/\/2024-2027.charcas-slp.gob.mx\/index.php?rest_route=\/wp\/v2\/pages\/1467\/revisions\/1506"}],"wp:attachment":[{"href":"https:\/\/2024-2027.charcas-slp.gob.mx\/index.php?rest_route=%2Fwp%2Fv2%2Fmedia&parent=1467"}],"curies":[{"name":"wp","href":"https:\/\/api.w.org\/{rel}","templated":true}]}}