{"id":1525,"date":"2026-02-12T19:16:37","date_gmt":"2026-02-12T19:16:37","guid":{"rendered":"https:\/\/2024-2027.charcas-slp.gob.mx\/?page_id=1525"},"modified":"2026-02-12T20:50:27","modified_gmt":"2026-02-12T20:50:27","slug":"informacion-financiera-4to-trimestre-2025","status":"publish","type":"page","link":"https:\/\/2024-2027.charcas-slp.gob.mx\/?page_id=1525","title":{"rendered":"INFORMACI\u00d3N FINANCIERA 4TO TRIMESTRE 2025"},"content":{"rendered":"\n<p><strong><a href=\"https:\/\/2024-2027.charcas-slp.gob.mx\/wp-content\/uploads\/2026\/02\/Conciliacion_Presupuestal_Egresos_31122025.xls\">CONCILIACI\u00d3N PRESUPUESTAL EGRESOS <\/a><\/strong><\/p>\n\n\n\n<p><strong><a href=\"https:\/\/2024-2027.charcas-slp.gob.mx\/wp-content\/uploads\/2026\/02\/Egresos_por_clasificacion_administrativa_Gobierno_31122025.xls\">EGRESOS POR CLASIFICACI\u00d3N ADMINISTRATIVA <\/a><\/strong><\/p>\n\n\n\n<p><strong><a href=\"https:\/\/2024-2027.charcas-slp.gob.mx\/wp-content\/uploads\/2026\/02\/Egresos_por_clasificacion_administrativa_Paraestatal_31122025.xls\">EGRESOS POR CLASIFICACI\u00d3N ADMINISTRATIVA <\/a><\/strong><\/p>\n\n\n\n<p><strong><a href=\"https:\/\/2024-2027.charcas-slp.gob.mx\/wp-content\/uploads\/2026\/02\/Egresos_por_clasificacion_administrativa_31122025.xls\">EGRESOS POR CLASIFICACI\u00d3N ADMINISTRATIVA <\/a><\/strong><\/p>\n\n\n\n<p><a href=\"https:\/\/2024-2027.charcas-slp.gob.mx\/wp-content\/uploads\/2026\/02\/Egresos_por_clasificacion_economica_por_tipo_de_gasto_31122025.xls\"><strong>EGRESOS POR CLASIFICACI\u00d3N ECONOMICA POR TIPO DE GASTO <\/strong><\/a><\/p>\n\n\n\n<p><strong><a href=\"https:\/\/2024-2027.charcas-slp.gob.mx\/wp-content\/uploads\/2026\/02\/Egresos_por_clasificacion_funcional_31122025.xls\">EGRESOS POR CLASIFICACI\u00d3N FUNCIONAL <\/a><\/strong><\/p>\n\n\n\n<p><strong><a href=\"https:\/\/2024-2027.charcas-slp.gob.mx\/wp-content\/uploads\/2026\/02\/Egresos_por_clasificacion_por_objeto_del_gasto_31122025.xls\">EGRESOS POR CLASIFICACI\u00d3N POR OBJETO DEL GASTO <\/a><\/strong><\/p>\n\n\n\n<p><strong><a href=\"https:\/\/2024-2027.charcas-slp.gob.mx\/wp-content\/uploads\/2026\/02\/Endeudamiento_neto_31122025.xls\">ENDEUDAMIENTO NETO <\/a><\/strong><\/p>\n\n\n\n<p><strong><a href=\"https:\/\/2024-2027.charcas-slp.gob.mx\/wp-content\/uploads\/2026\/02\/Estado_analitico_de_ingresos_2019_31122025.xls\">ENDEUDAMIENTO ANALITICO DE INGRESOS <\/a><\/strong><\/p>\n\n\n\n<p><strong><a href=\"https:\/\/2024-2027.charcas-slp.gob.mx\/wp-content\/uploads\/2026\/02\/Estado_analitico_de_la_deuda_y_otros_pasivos_31122025.xls\">ESTADO ANALITICO DE LA DEUDA Y OTROS PASIVOS <\/a><\/strong><\/p>\n\n\n\n<p><strong><a href=\"https:\/\/2024-2027.charcas-slp.gob.mx\/wp-content\/uploads\/2026\/02\/Estado_analitico_del_activo_31122025.xls\">ESTADO ANALITICO DEL ACTIVO <\/a><\/strong><\/p>\n\n\n\n<p><strong><a href=\"https:\/\/2024-2027.charcas-slp.gob.mx\/wp-content\/uploads\/2026\/02\/Estado_de_actividades_31122025.xls\">ESTADO DE ACTIVIDADES <\/a><\/strong><\/p>\n\n\n\n<p><strong><a href=\"https:\/\/2024-2027.charcas-slp.gob.mx\/wp-content\/uploads\/2026\/02\/Estado_de_cambios_en_la_situacion_financiera_31122025.xls\">ESTADO DE CAMBIOS EN LA SITUACI\u00d3N FINANCIERA <\/a><\/strong><\/p>\n\n\n\n<p><strong><a href=\"https:\/\/2024-2027.charcas-slp.gob.mx\/wp-content\/uploads\/2026\/02\/Estado_de_flujos_de_efectivo_31122025.xls\">ESTADO DE FLUJOS DE EFECTIVO <\/a><\/strong><\/p>\n\n\n\n<p><strong><a href=\"https:\/\/2024-2027.charcas-slp.gob.mx\/wp-content\/uploads\/2026\/02\/Estado_de_situacion_financiera_31122025.xls\">ESTADO DE SITUACI\u00d3N FINANCIERA <\/a><\/strong><\/p>\n\n\n\n<p><strong><a href=\"https:\/\/2024-2027.charcas-slp.gob.mx\/wp-content\/uploads\/2026\/02\/Estado_de_variacion_en_la_hacienda_publica_31122025.xls\">ESTADO DE VARIACI\u00d3N DE LA HACIENDA PUBLICA<\/a><\/strong> <\/p>\n\n\n\n<p><strong><a href=\"https:\/\/2024-2027.charcas-slp.gob.mx\/wp-content\/uploads\/2026\/02\/Gasto_por_categoria_programatica_31122025.xls\">GASTO POR CATEGORIA PROGRAMATICA <\/a><\/strong><\/p>\n\n\n\n<p><strong><a href=\"https:\/\/2024-2027.charcas-slp.gob.mx\/wp-content\/uploads\/2026\/02\/Indicadores_de_postura_fiscal_31122025.xls\">INDICADORES DE POSTURA FISCAL<\/a><\/strong><\/p>\n\n\n\n<p><strong><a href=\"https:\/\/2024-2027.charcas-slp.gob.mx\/wp-content\/uploads\/2026\/02\/Informe_sobre_pasivos_contingentes_31122025.xls\">INFORME SOBRE PASIVOS CONTINGENTES <\/a><\/strong><\/p>\n\n\n\n<p><strong><a href=\"https:\/\/2024-2027.charcas-slp.gob.mx\/wp-content\/uploads\/2026\/02\/Intereses_de_la_deuda_31122025.xls\">INTERESES DE LA DEUDA <\/a><\/strong><\/p>\n\n\n\n<p><strong><a href=\"https:\/\/2024-2027.charcas-slp.gob.mx\/wp-content\/uploads\/2026\/02\/Notas_Estados_Financieros_31122025.pdf\">NOTAS ESTADOS FINANCIEROS <\/a><\/strong><\/p>\n\n\n\n<p><strong><a href=\"https:\/\/2024-2027.charcas-slp.gob.mx\/wp-content\/uploads\/2026\/02\/rptBalanzaComprobacion.pdf\">BALANZA COMPROBACI\u00d3N <\/a><\/strong><\/p>\n\n\n\n<p><strong><a href=\"https:\/\/2024-2027.charcas-slp.gob.mx\/wp-content\/uploads\/2026\/02\/rptConciliacionPresupuestal.pdf\">CONSILIACI\u00d3N PRESUPUESTAL<\/a><\/strong> <\/p>\n\n\n\n<p><strong><a href=\"https:\/\/2024-2027.charcas-slp.gob.mx\/wp-content\/uploads\/2026\/02\/rptLibroMayor.pdf\">LIBRO MAYOR <\/a><\/strong><\/p>\n\n\n\n<p><strong><a href=\"https:\/\/2024-2027.charcas-slp.gob.mx\/wp-content\/uploads\/2026\/02\/rptPasivosContingentes.pdf\">PASIVOS CONTINGENTES<\/a><\/strong> <\/p>\n\n\n\n<p><\/p>\n\n\n\n<p><\/p>\n\n\n\n<p><\/p>\n","protected":false},"excerpt":{"rendered":"<p>CONCILIACI\u00d3N PRESUPUESTAL EGRESOS EGRESOS POR CLASIFICACI\u00d3N ADMINISTRATIVA EGRESOS POR CLASIFICACI\u00d3N ADMINISTRATIVA EGRESOS POR CLASIFICACI\u00d3N ADMINISTRATIVA EGRESOS POR CLASIFICACI\u00d3N ECONOMICA POR TIPO DE GASTO EGRESOS POR CLASIFICACI\u00d3N FUNCIONAL EGRESOS POR CLASIFICACI\u00d3N POR OBJETO DEL GASTO ENDEUDAMIENTO NETO ENDEUDAMIENTO ANALITICO DE INGRESOS ESTADO ANALITICO DE LA DEUDA Y OTROS PASIVOS ESTADO ANALITICO DEL ACTIVO ESTADO DE ACTIVIDADES [&hellip;]<\/p>\n","protected":false},"author":2,"featured_media":0,"parent":0,"menu_order":0,"comment_status":"closed","ping_status":"closed","template":"","meta":{"footnotes":""},"class_list":["post-1525","page","type-page","status-publish","hentry"],"_links":{"self":[{"href":"https:\/\/2024-2027.charcas-slp.gob.mx\/index.php?rest_route=\/wp\/v2\/pages\/1525","targetHints":{"allow":["GET"]}}],"collection":[{"href":"https:\/\/2024-2027.charcas-slp.gob.mx\/index.php?rest_route=\/wp\/v2\/pages"}],"about":[{"href":"https:\/\/2024-2027.charcas-slp.gob.mx\/index.php?rest_route=\/wp\/v2\/types\/page"}],"author":[{"embeddable":true,"href":"https:\/\/2024-2027.charcas-slp.gob.mx\/index.php?rest_route=\/wp\/v2\/users\/2"}],"replies":[{"embeddable":true,"href":"https:\/\/2024-2027.charcas-slp.gob.mx\/index.php?rest_route=%2Fwp%2Fv2%2Fcomments&post=1525"}],"version-history":[{"count":15,"href":"https:\/\/2024-2027.charcas-slp.gob.mx\/index.php?rest_route=\/wp\/v2\/pages\/1525\/revisions"}],"predecessor-version":[{"id":1575,"href":"https:\/\/2024-2027.charcas-slp.gob.mx\/index.php?rest_route=\/wp\/v2\/pages\/1525\/revisions\/1575"}],"wp:attachment":[{"href":"https:\/\/2024-2027.charcas-slp.gob.mx\/index.php?rest_route=%2Fwp%2Fv2%2Fmedia&parent=1525"}],"curies":[{"name":"wp","href":"https:\/\/api.w.org\/{rel}","templated":true}]}}