{"id":530,"date":"2024-08-14T15:22:22","date_gmt":"2024-08-14T15:22:22","guid":{"rendered":"https:\/\/charcas-slp.gob.mx\/2021-2024\/?page_id=530"},"modified":"2024-08-23T15:06:44","modified_gmt":"2024-08-23T15:06:44","slug":"cuarto-trimestre-2023","status":"publish","type":"page","link":"https:\/\/2024-2027.charcas-slp.gob.mx\/?page_id=530","title":{"rendered":"CUARTO TRIMESTRE 2023"},"content":{"rendered":"\n<p><strong><a href=\"https:\/\/charcas-slp.gob.mx\/2021-2024\/wp-content\/uploads\/2024\/08\/Estado_de_situacion_financiera_31122023.xls\">ESTADO DE SITUACI\u00d3N FINANCIERA CUARTO TRIMESTRE 2023<\/a><\/strong><\/p>\n\n\n\n<p><strong><a href=\"https:\/\/charcas-slp.gob.mx\/2021-2024\/wp-content\/uploads\/2024\/08\/Estado_de_variacion_en_la_hacienda_publica_31122023.xls\">ESTADO DE VARIACI\u00d3N DE LA HACIENDA PUBLICA CUARTO TRIMESTRE 2023<\/a><\/strong><\/p>\n\n\n\n<p><strong><a href=\"https:\/\/charcas-slp.gob.mx\/2021-2024\/wp-content\/uploads\/2024\/08\/Estado_de_cambios_en_la_situacion_financiera_31122023.xls\">ESTADO DE CAMBIO DE LA SITUACI\u00d3N FINANCIERA CUARTO TRIMESTE 2023<\/a><\/strong><\/p>\n\n\n\n<p><strong><a href=\"https:\/\/charcas-slp.gob.mx\/2021-2024\/wp-content\/uploads\/2024\/08\/Estado_analitico_del_activo_31122023.xls\">ESTADO ANALITICO DEL ACTIVO CUARTO TRIMESTRE 2023<\/a><\/strong><\/p>\n\n\n\n<p><strong><a href=\"https:\/\/charcas-slp.gob.mx\/2021-2024\/wp-content\/uploads\/2024\/08\/Estado_de_actividades_31122023.xls\">ESTADO DE ACTIVIDADES CUARTO TRIMESTRE 2023<\/a><\/strong><\/p>\n\n\n\n<p><strong><a href=\"https:\/\/charcas-slp.gob.mx\/2021-2024\/wp-content\/uploads\/2024\/08\/Estado_analitico_de_la_deuda_y_otros_pasivos_31122023.xls\">ESTADO ANALITICO DE LA DEUDA Y OTROS PASIVOS CUARTO TRIMESTRE 2023<\/a><\/strong><\/p>\n\n\n\n<p><strong><a href=\"https:\/\/charcas-slp.gob.mx\/2021-2024\/wp-content\/uploads\/2024\/08\/Estado_analitico_de_ingresos_2019_31122023.xls\">ESTADO ANALITICO DE INGRESOS CUARTO TRIMESTRE 2023<\/a><\/strong><\/p>\n\n\n\n<p><strong><a href=\"https:\/\/charcas-slp.gob.mx\/2021-2024\/wp-content\/uploads\/2024\/08\/Informe_sobre_pasivos_contingentes_31122023.xls\">INFORME SOBRE PASIVOS CONTINGENTES CUARTO TRIMESTRE 2023<\/a><\/strong><\/p>\n\n\n\n<p><strong><a href=\"https:\/\/charcas-slp.gob.mx\/2021-2024\/wp-content\/uploads\/2024\/08\/Estado_de_flujos_de_efectivo_31122023.xls\">ESTADO DE FLUJO DE EFECTIVO CUARTO TRIMESTRE 2023<\/a><\/strong><\/p>\n\n\n\n<p><strong><a href=\"https:\/\/charcas-slp.gob.mx\/2021-2024\/wp-content\/uploads\/2024\/08\/Endeudamiento_neto_31122023.xls\">ENDEUDAMIENTO NETO CUARTO TRIMESTRE 2023<\/a><\/strong><\/p>\n\n\n\n<p><strong><a href=\"https:\/\/charcas-slp.gob.mx\/2021-2024\/wp-content\/uploads\/2024\/08\/Intereses_de_la_deuda_31122023.xls\">INTERESES DE LA DEUDA  CUARTO TRIMESTRE 2023<\/a><\/strong><\/p>\n\n\n\n<p><strong><a href=\"https:\/\/charcas-slp.gob.mx\/2021-2024\/wp-content\/uploads\/2024\/08\/INDICADORES-DE-RESULTADOS-2.pdf\">INDICADORES DE RESULTADOS CUARTO TRIMESTRE 2023<\/a><\/strong><\/p>\n\n\n\n<p><strong><a href=\"https:\/\/charcas-slp.gob.mx\/2021-2024\/wp-content\/uploads\/2024\/08\/Gasto_por_categoria_programatica_31122023.xls\">GASTO POR CATEGORIA PROGRAMATICA CUARTO TRIMESTRE 2023<\/a><\/strong><\/p>\n\n\n\n<p><strong><a href=\"https:\/\/charcas-slp.gob.mx\/2021-2024\/wp-content\/uploads\/2024\/08\/Egresos_por_clasificacion_administrativa_31122023.xls\">EGRESOS POR CLASIFICACI\u00d3N ADMINISTRATIVA CUARTO TRIMESTRE 2023<\/a><\/strong><\/p>\n\n\n\n<p><strong><a href=\"https:\/\/charcas-slp.gob.mx\/2021-2024\/wp-content\/uploads\/2024\/08\/Egresos_por_clasificacion_por_objeto_del_gasto_31122023.xls\">  EGRESOS POR CLASIFICACI\u00d3N POR OBJETO DE GASTO CUARTO TRIMESTRE 2023<\/a><\/strong><\/p>\n\n\n\n<p><strong><a href=\"https:\/\/charcas-slp.gob.mx\/2021-2024\/wp-content\/uploads\/2024\/08\/Egresos_por_clasificacion_economica_por_tipo_de_gasto_31122023.xls\">EGRESOS POR CLASIFICACI\u00d3N ECONOMICA POR TIPO DE GASTO CUARTO TRIMESTRE 2023<\/a><\/strong><\/p>\n\n\n\n<p><strong><a href=\"https:\/\/charcas-slp.gob.mx\/2021-2024\/wp-content\/uploads\/2024\/08\/Egresos_por_clasificacion_funcional_31122023.xls\">EGRESOS POR CLASIFICACI\u00d3N FUNCIONAL CUARTO TRIMESTRE 2023<\/a><\/strong><\/p>\n\n\n\n<p><strong><a href=\"https:\/\/charcas-slp.gob.mx\/2021-2024\/wp-content\/uploads\/2024\/08\/Notas_Estados_Financieros_31122023.xlsx\">NOTAS ESTADOS FINANCIEROS CUARTO TRIMESTRE 2023<\/a><\/strong><\/p>\n\n\n\n<p><strong><a href=\"https:\/\/charcas-slp.gob.mx\/2021-2024\/wp-content\/uploads\/2024\/08\/ARTICULO-78-2.pdf\">ART. 78 CUARTO TRIMESTRE 2023<\/a><\/strong><\/p>\n\n\n\n<p><strong><a href=\"https:\/\/charcas-slp.gob.mx\/2021-2024\/wp-content\/uploads\/2024\/08\/AYUDAS-Y-SUBSIDIOS-2.pdf\">AYUDAS Y SUBSIDIOS CUARTO TRIMESTRE 2023<\/a><\/strong><\/p>\n\n\n\n<p><strong><a href=\"https:\/\/charcas-slp.gob.mx\/2021-2024\/wp-content\/uploads\/2024\/08\/PROGRAMAS-Y-PROYECTOS-2.pdf\">PROGRAMAS Y PROYECTOS  CUARTO TRIMESTRE 2023<\/a><\/strong><\/p>\n\n\n\n<p><strong><a href=\"https:\/\/charcas-slp.gob.mx\/2021-2024\/?page_id=530\" data-type=\"page\" data-id=\"530\">INFORMACI\u00d3N TRIMESTRAL SOBRE LA APLICACI\u00d3N DE LOS RECURSOS FEDERALES PARA EL FONDO DE APORTACI\u00d3NES PARA LA INFRAESTRUCTURA SOCIAL CUARTO TRIMESTRE 2023<\/a><\/strong><\/p>\n\n\n\n<p><strong><a href=\"https:\/\/charcas-slp.gob.mx\/2021-2024\/wp-content\/uploads\/2024\/08\/Publica-la-informacion-de-aplicacion-de-recursos-federales-del-Fondo-de-Aportaciones-para-el-Fortalecimiento-de-los-Municipios-y-Demarcaciones-Territoriales-del-Distrito-Federal-2.pdf\">INFORMACI\u00d3N DE APLICACION DE RECURSOS FEDERALES DEL FONDO DE APORTACIONES PARA EL FORTALECIMIENTO DE LOS MUNICIPIOS Y DEMARCACIONES TERRITORIALES DEL DISTRITO FEDERAL <\/a><\/strong><\/p>\n\n\n\n<p><strong><a href=\"https:\/\/charcas-slp.gob.mx\/2021-2024\/wp-content\/uploads\/2024\/08\/Publica-la-informacion-trimestral-del-ejercicio-y-destino-de-gasto-federalizado-y-reintegros-2.pdf\">INFORMACI\u00d3N TRIMESTRAL DEL EJERCICIO Y DESTINO DEL GASTO FEDERALIZADOS Y REINTEGROS <\/a><\/strong><\/p>\n\n\n\n<p><\/p>\n\n\n\n<p><\/p>\n\n\n\n<p><\/p>\n\n\n\n<p><\/p>\n\n\n\n<p><\/p>\n","protected":false},"excerpt":{"rendered":"<p>ESTADO DE SITUACI\u00d3N FINANCIERA CUARTO TRIMESTRE 2023 ESTADO DE VARIACI\u00d3N DE LA HACIENDA PUBLICA CUARTO TRIMESTRE 2023 ESTADO DE CAMBIO DE LA SITUACI\u00d3N FINANCIERA CUARTO TRIMESTE 2023 ESTADO ANALITICO DEL ACTIVO CUARTO TRIMESTRE 2023 ESTADO DE ACTIVIDADES CUARTO TRIMESTRE 2023 ESTADO ANALITICO DE LA DEUDA Y OTROS PASIVOS CUARTO TRIMESTRE 2023 ESTADO ANALITICO DE INGRESOS [&hellip;]<\/p>\n","protected":false},"author":2,"featured_media":0,"parent":0,"menu_order":0,"comment_status":"closed","ping_status":"closed","template":"","meta":{"footnotes":""},"class_list":["post-530","page","type-page","status-publish","hentry"],"_links":{"self":[{"href":"https:\/\/2024-2027.charcas-slp.gob.mx\/index.php?rest_route=\/wp\/v2\/pages\/530","targetHints":{"allow":["GET"]}}],"collection":[{"href":"https:\/\/2024-2027.charcas-slp.gob.mx\/index.php?rest_route=\/wp\/v2\/pages"}],"about":[{"href":"https:\/\/2024-2027.charcas-slp.gob.mx\/index.php?rest_route=\/wp\/v2\/types\/page"}],"author":[{"embeddable":true,"href":"https:\/\/2024-2027.charcas-slp.gob.mx\/index.php?rest_route=\/wp\/v2\/users\/2"}],"replies":[{"embeddable":true,"href":"https:\/\/2024-2027.charcas-slp.gob.mx\/index.php?rest_route=%2Fwp%2Fv2%2Fcomments&post=530"}],"version-history":[{"count":26,"href":"https:\/\/2024-2027.charcas-slp.gob.mx\/index.php?rest_route=\/wp\/v2\/pages\/530\/revisions"}],"predecessor-version":[{"id":610,"href":"https:\/\/2024-2027.charcas-slp.gob.mx\/index.php?rest_route=\/wp\/v2\/pages\/530\/revisions\/610"}],"wp:attachment":[{"href":"https:\/\/2024-2027.charcas-slp.gob.mx\/index.php?rest_route=%2Fwp%2Fv2%2Fmedia&parent=530"}],"curies":[{"name":"wp","href":"https:\/\/api.w.org\/{rel}","templated":true}]}}