{"id":787,"date":"2024-09-30T07:21:57","date_gmt":"2024-09-30T07:21:57","guid":{"rendered":"https:\/\/charcas-slp.gob.mx\/2021-2024\/?page_id=787"},"modified":"2024-09-30T07:37:26","modified_gmt":"2024-09-30T07:37:26","slug":"segundo-trimestre-2022","status":"publish","type":"page","link":"https:\/\/2024-2027.charcas-slp.gob.mx\/?page_id=787","title":{"rendered":"SEGUNDO TRIMESTRE 2022"},"content":{"rendered":"\n<p><strong><a href=\"https:\/\/charcas-slp.gob.mx\/2021-2024\/wp-content\/uploads\/2024\/09\/Estado_de_situacion_financiera_3062022.xls\">ESTADO DE SITUACI\u00d3N FINANCIERA SEGUNDO TRIMESTRE 2022<\/a><\/strong><\/p>\n\n\n\n<p><strong><a href=\"https:\/\/charcas-slp.gob.mx\/2021-2024\/wp-content\/uploads\/2024\/09\/Estado_de_variacion_en_la_hacienda_publica_3062022.xls\">ESTADO DE VARIACI\u00d3N DE LA HACIENDA PUBLICA SEGUNDO TRIMESTRE 2022<\/a><\/strong><\/p>\n\n\n\n<p><strong><a href=\"https:\/\/charcas-slp.gob.mx\/2021-2024\/wp-content\/uploads\/2024\/09\/Estado_de_cambios_en_la_situacion_financiera_3062022.xls\">ESTADO DE CAMBIO DE LA SITUACI\u00d3N FINANCIERA SEGUNDO TRIMESTRE 2022<\/a><\/strong><\/p>\n\n\n\n<p><strong><a href=\"https:\/\/charcas-slp.gob.mx\/2021-2024\/wp-content\/uploads\/2024\/09\/Estado_analitico_del_activo_3062022.xls\">ESTADO ANALITICO DEL ACTIVO SEGUNDO TRIMESTRE 2022<\/a><\/strong><\/p>\n\n\n\n<p><strong><a href=\"https:\/\/charcas-slp.gob.mx\/2021-2024\/wp-content\/uploads\/2024\/09\/Estado_de_actividades_2022_3062022.xls\">ESTADO DE ACTIVIDADES SEGUNDO TRIMESTRE 2022<\/a><\/strong><\/p>\n\n\n\n<p><strong><a href=\"https:\/\/charcas-slp.gob.mx\/2021-2024\/wp-content\/uploads\/2024\/09\/Estado_analitico_de_la_deuda_y_otros_pasivos_3062022.xls\">ESTADO ANALITICO DE LA DEUDA Y OTROS PASIVOS SEGUNDO TRIMESTRE 2022<\/a><\/strong><\/p>\n\n\n\n<p><\/p>\n","protected":false},"excerpt":{"rendered":"<p>ESTADO DE SITUACI\u00d3N FINANCIERA SEGUNDO TRIMESTRE 2022 ESTADO DE VARIACI\u00d3N DE LA HACIENDA PUBLICA SEGUNDO TRIMESTRE 2022 ESTADO DE CAMBIO DE LA SITUACI\u00d3N FINANCIERA SEGUNDO TRIMESTRE 2022 ESTADO ANALITICO DEL ACTIVO SEGUNDO TRIMESTRE 2022 ESTADO DE ACTIVIDADES SEGUNDO TRIMESTRE 2022 ESTADO ANALITICO DE LA DEUDA Y OTROS PASIVOS SEGUNDO TRIMESTRE 2022<\/p>\n","protected":false},"author":2,"featured_media":0,"parent":0,"menu_order":0,"comment_status":"closed","ping_status":"closed","template":"","meta":{"footnotes":""},"class_list":["post-787","page","type-page","status-publish","hentry"],"_links":{"self":[{"href":"https:\/\/2024-2027.charcas-slp.gob.mx\/index.php?rest_route=\/wp\/v2\/pages\/787","targetHints":{"allow":["GET"]}}],"collection":[{"href":"https:\/\/2024-2027.charcas-slp.gob.mx\/index.php?rest_route=\/wp\/v2\/pages"}],"about":[{"href":"https:\/\/2024-2027.charcas-slp.gob.mx\/index.php?rest_route=\/wp\/v2\/types\/page"}],"author":[{"embeddable":true,"href":"https:\/\/2024-2027.charcas-slp.gob.mx\/index.php?rest_route=\/wp\/v2\/users\/2"}],"replies":[{"embeddable":true,"href":"https:\/\/2024-2027.charcas-slp.gob.mx\/index.php?rest_route=%2Fwp%2Fv2%2Fcomments&post=787"}],"version-history":[{"count":7,"href":"https:\/\/2024-2027.charcas-slp.gob.mx\/index.php?rest_route=\/wp\/v2\/pages\/787\/revisions"}],"predecessor-version":[{"id":820,"href":"https:\/\/2024-2027.charcas-slp.gob.mx\/index.php?rest_route=\/wp\/v2\/pages\/787\/revisions\/820"}],"wp:attachment":[{"href":"https:\/\/2024-2027.charcas-slp.gob.mx\/index.php?rest_route=%2Fwp%2Fv2%2Fmedia&parent=787"}],"curies":[{"name":"wp","href":"https:\/\/api.w.org\/{rel}","templated":true}]}}